{"id":2780,"date":"2025-01-03T10:09:12","date_gmt":"2025-01-03T09:09:12","guid":{"rendered":"https:\/\/www.lisondecaunes.com\/?post_type=new&#038;p=2780"},"modified":"2025-01-03T10:09:22","modified_gmt":"2025-01-03T09:09:22","slug":"ad-matieres-dart","status":"publish","type":"new","link":"https:\/\/www.lisondecaunes.com\/en\/n\/ad-matieres-dart\/","title":{"rendered":"AD Mati\u00e8res d'Art"},"content":{"rendered":"<p>Les Ateliers Lison de Caunes will be exhibiting at the AD Mati\u00e8res d'Art show at the Palais d'I\u00e9na from 25 March to 1 April 2018.<\/p>","protected":false},"featured_media":2781,"template":"","meta":{"_acf_changed":false,"inline_featured_image":false},"class_list":["post-2780","new","type-new","status-publish","has-post-thumbnail","hentry"],"acf":[],"_links":{"self":[{"href":"https:\/\/www.lisondecaunes.com\/en\/wp-json\/wp\/v2\/new\/2780","targetHints":{"allow":["GET"]}}],"collection":[{"href":"https:\/\/www.lisondecaunes.com\/en\/wp-json\/wp\/v2\/new"}],"about":[{"href":"https:\/\/www.lisondecaunes.com\/en\/wp-json\/wp\/v2\/types\/new"}],"wp:featuredmedia":[{"embeddable":true,"href":"https:\/\/www.lisondecaunes.com\/en\/wp-json\/wp\/v2\/media\/2781"}],"wp:attachment":[{"href":"https:\/\/www.lisondecaunes.com\/en\/wp-json\/wp\/v2\/media?parent=2780"}],"curies":[{"name":"wp","href":"https:\/\/api.w.org\/{rel}","templated":true}]}}

AD Matières d'Art

<p>Les Ateliers Lison de Caunes will be exhibiting at the AD Matières d'Art show at the Palais d'Iéna from 25 March to 1 April 2018.</p>
